{"id":2938,"date":"2026-03-18T17:30:10","date_gmt":"2026-03-18T16:30:10","guid":{"rendered":"https:\/\/www.km.uni-osnabrueck.de\/form\/?page_id=2938"},"modified":"2026-03-23T11:49:47","modified_gmt":"2026-03-23T10:49:47","slug":"ki-begegnen","status":"publish","type":"page","link":"https:\/\/www.km.uni-osnabrueck.de\/form\/ki-begegnen\/","title":{"rendered":"KI begegnen"},"content":{"rendered":"\n<!--<style>header {display:none;}<\/style>-->\n\n\n<div class=\"wp-block-image\">\n<figure class=\"aligncenter size-large is-resized\"><img loading=\"lazy\" decoding=\"async\" width=\"1024\" height=\"432\" src=\"https:\/\/www.km.uni-osnabrueck.de\/form\/wp-content\/uploads\/2026\/03\/egerlandStiftung_RGBjpg-Kopie-1024x432.jpg\" alt=\"Logo Egerlandstiftung\" class=\"wp-image-2959\" style=\"aspect-ratio:2.370325606349099;width:472px;height:auto\" srcset=\"https:\/\/www.km.uni-osnabrueck.de\/form\/wp-content\/uploads\/2026\/03\/egerlandStiftung_RGBjpg-Kopie-1024x432.jpg 1024w, https:\/\/www.km.uni-osnabrueck.de\/form\/wp-content\/uploads\/2026\/03\/egerlandStiftung_RGBjpg-Kopie-300x126.jpg 300w, https:\/\/www.km.uni-osnabrueck.de\/form\/wp-content\/uploads\/2026\/03\/egerlandStiftung_RGBjpg-Kopie-768x324.jpg 768w, https:\/\/www.km.uni-osnabrueck.de\/form\/wp-content\/uploads\/2026\/03\/egerlandStiftung_RGBjpg-Kopie-624x263.jpg 624w, https:\/\/www.km.uni-osnabrueck.de\/form\/wp-content\/uploads\/2026\/03\/egerlandStiftung_RGBjpg-Kopie.jpg 1509w\" sizes=\"auto, (max-width: 1024px) 100vw, 1024px\" \/><\/figure>\n<\/div>\n\n\n<h2 class=\"wp-block-heading\">Anmeldung zur Veranstaltung<br>KI begegnen \u2013 kritisch &amp; kreativ | Dialogveranstaltung in Osnabr\u00fcck im Coppenrath Innovation Centre (CIC)<\/h2>\n\n\n\n<h3 class=\"wp-block-heading\">Donnerstag, 16. April 2026 \u00b7 16:15 Uhr \u00b7 Coppenrath Innovation Centre (CIC) \u00b7 Osnabr\u00fcck<\/h3>\n\n\n\n<p>K\u00fcnstliche Intelligenz ver\u00e4ndert zunehmend unseren Alltag \u2013 und sie beeinflusst auch Kunst, Kultur und Bildung. Doch was bedeutet das konkret f\u00fcr kreative Praxis, kulturelle Vermittlung und gesellschaftliche Verantwortung?<\/p>\n\n\n\n<p>Die <strong>Felicitas und Werner Egerland Stiftung<\/strong> l\u00e4dt gemeinsam mit Partner:innen der <strong>Universit\u00e4t Osnabr\u00fcck<\/strong> zu einer dialogorientierten Veranstaltung ein:<\/p>\n\n\n\n<p><strong>\u201eKI begegnen \u2013 kritisch &amp; kreativ: Zwischen Code und Kultur\u201c<\/strong><\/p>\n\n\n\n<div class=\"wp-block-contact-form-7-contact-form-selector\">\n<div class=\"wpcf7 no-js\" id=\"wpcf7-f2935-o1\" lang=\"de-DE\" dir=\"ltr\" data-wpcf7-id=\"2935\">\n<div class=\"screen-reader-response\"><p role=\"status\" aria-live=\"polite\" aria-atomic=\"true\"><\/p> <ul><\/ul><\/div>\n<form action=\"\/form\/wp-json\/wp\/v2\/pages\/2938#wpcf7-f2935-o1\" method=\"post\" class=\"wpcf7-form init wpcf7-acceptance-as-validation\" aria-label=\"Kontaktformular\" novalidate=\"novalidate\" data-status=\"init\">\n<fieldset class=\"hidden-fields-container\"><input type=\"hidden\" name=\"_wpcf7\" value=\"2935\" \/><input type=\"hidden\" name=\"_wpcf7_version\" value=\"6.1.5\" \/><input type=\"hidden\" name=\"_wpcf7_locale\" value=\"de_DE\" \/><input type=\"hidden\" name=\"_wpcf7_unit_tag\" value=\"wpcf7-f2935-o1\" \/><input type=\"hidden\" name=\"_wpcf7_container_post\" value=\"0\" \/><input type=\"hidden\" name=\"_wpcf7_posted_data_hash\" value=\"\" \/><input type=\"hidden\" name=\"_wpcf7cf_hidden_group_fields\" value=\"[]\" \/><input type=\"hidden\" name=\"_wpcf7cf_hidden_groups\" value=\"[]\" \/><input type=\"hidden\" name=\"_wpcf7cf_visible_groups\" value=\"[]\" \/><input type=\"hidden\" name=\"_wpcf7cf_repeaters\" value=\"[]\" \/><input type=\"hidden\" name=\"_wpcf7cf_steps\" value=\"{}\" \/><input type=\"hidden\" name=\"_wpcf7cf_options\" value=\"{&quot;form_id&quot;:2935,&quot;conditions&quot;:[],&quot;settings&quot;:{&quot;animation&quot;:&quot;yes&quot;,&quot;animation_intime&quot;:200,&quot;animation_outtime&quot;:200,&quot;conditions_ui&quot;:&quot;normal&quot;,&quot;notice_dismissed&quot;:false}}\" \/>\n<\/fieldset>\n<p>Die Teilnahme ist kostenlos\n<\/p>\n<p><strong>Ich nehme an der Veranstaltung \u201eKI begegnen \u2013 kritisch & kreativ: Zwischen Code und Kultur\u201c teil <abbr title=\"Pflichtfeld\">(*)<\/abbr><\/strong><br \/>\n<span class=\"wpcf7-form-control-wrap\" data-name=\"Teilnahme\"><span class=\"wpcf7-form-control wpcf7-checkbox wpcf7-validates-as-required wpcf7-exclusive-checkbox\"><span class=\"wpcf7-list-item first last\"><label><input type=\"checkbox\" name=\"Teilnahme\" value=\"Ja\" \/><span class=\"wpcf7-list-item-label\">Ja<\/span><\/label><\/span><\/span><\/span>\n<\/p>\n<hr \/>\n<p><strong>Sie haben die M\u00f6glichkeit einen von zwei angebotenen Workshops auszuw\u00e4hlen<\/strong>\n<\/p>\n<p><strong><span class=\"wpcf7-form-control-wrap\" data-name=\"Workshop\"><span class=\"wpcf7-form-control wpcf7-checkbox wpcf7-exclusive-checkbox\"><span class=\"wpcf7-list-item first last\"><label><input type=\"checkbox\" name=\"Workshop\" value=\"Workshop 1: KI-Agents f\u00fcr Kulturschaffende \/ KI &amp; Recht in der Kultur\" \/><span class=\"wpcf7-list-item-label\">Workshop 1: KI-Agents f\u00fcr Kulturschaffende \/ KI &amp; Recht in der Kultur<\/span><\/label><\/span><\/span><\/span><\/strong>\n<\/p>\n<ul>\n\t<li>\n\t\t<p>erste, niedrigschwellige Schritte in Richtung KI-Agents\n\t\t<\/p>\n\t<\/li>\n\t<li>\n\t\t<p>gemeinsame Erarbeitung einfacher Leitf\u00e4den zum KI-Einsatz (z. B. \u201eWas darf ich mit KI tun, was nicht?\u201c)\n\t\t<\/p>\n\t<\/li>\n\t<li>\n\t\t<p>das Aufzeigen, wie sich mit Tools wie Lovable schnell und unkompliziert erste kleine Projekte realisieren lassen\n\t\t<\/p>\n\t<\/li>\n<\/ul>\n<p><strong><span class=\"wpcf7-form-control-wrap\" data-name=\"Workshop\"><span class=\"wpcf7-form-control wpcf7-checkbox wpcf7-exclusive-checkbox\"><span class=\"wpcf7-list-item first last\"><label><input type=\"checkbox\" name=\"Workshop\" value=\"Workshop 2: KI Circle Training\" \/><span class=\"wpcf7-list-item-label\">Workshop 2: KI Circle Training<\/span><\/label><\/span><\/span><\/span><\/strong>\n<\/p>\n<ul>\n\t<li>\n\t\t<p>Vier Workshop\u00fcbungen, die im Rahmen von 15-min\u00fctigen Workshopeinheiten von den Teilnehmenden selbst ausgef\u00fchrt werden k\u00f6nnen\n\t\t<\/p>\n\t<\/li>\n\t<li>\n\t\t<p>Vier Tutorials f\u00fcr KI-Anwendungen (z.B. HeyGen, Gemini bzw. Image AI, ChatGPT, MeshyAI)\n\t\t<\/p>\n\t<\/li>\n<\/ul>\n<hr \/>\n<p><label> <strong>Vorname <abbr title=\"Pflichtfeld\">(*)<\/abbr><\/strong><br \/>\n<span class=\"wpcf7-form-control-wrap\" data-name=\"Vorname\"><input size=\"40\" maxlength=\"400\" class=\"wpcf7-form-control wpcf7-text wpcf7-validates-as-required\" aria-required=\"true\" aria-invalid=\"false\" value=\"\" type=\"text\" name=\"Vorname\" \/><\/span> <\/label>\n<\/p>\n<p><label> <strong>Nachname <abbr title=\"Pflichtfeld\">(*)<\/abbr><\/strong><br \/>\n<span class=\"wpcf7-form-control-wrap\" data-name=\"Nachname\"><input size=\"40\" maxlength=\"400\" class=\"wpcf7-form-control wpcf7-text wpcf7-validates-as-required\" aria-required=\"true\" aria-invalid=\"false\" value=\"\" type=\"text\" name=\"Nachname\" \/><\/span> <\/label>\n<\/p>\n<p><label> <strong>Titel<\/strong><br \/>\n<span class=\"wpcf7-form-control-wrap\" data-name=\"titel\"><input size=\"40\" maxlength=\"400\" class=\"wpcf7-form-control wpcf7-text\" aria-invalid=\"false\" value=\"\" type=\"text\" name=\"titel\" \/><\/span> <\/label>\n<\/p>\n<p><label> <strong>Institution<\/strong><br \/>\n<span class=\"wpcf7-form-control-wrap\" data-name=\"institution\"><input size=\"40\" maxlength=\"400\" class=\"wpcf7-form-control wpcf7-text\" aria-invalid=\"false\" value=\"\" type=\"text\" name=\"institution\" \/><\/span> <\/label>\n<\/p>\n<p><label> <strong>Funktion<\/strong><br \/>\n<span class=\"wpcf7-form-control-wrap\" data-name=\"funktion\"><input size=\"40\" maxlength=\"400\" class=\"wpcf7-form-control wpcf7-text\" aria-invalid=\"false\" value=\"\" type=\"text\" name=\"funktion\" \/><\/span> <\/label>\n<\/p>\n<p><label> <strong>E-Mail-Adresse <abbr title=\"Pflichtfeld\">(*)<\/abbr><\/strong><br \/>\n<span class=\"wpcf7-form-control-wrap\" data-name=\"your-email\"><input size=\"40\" maxlength=\"400\" class=\"wpcf7-form-control wpcf7-email wpcf7-validates-as-required wpcf7-text wpcf7-validates-as-email\" aria-required=\"true\" aria-invalid=\"false\" value=\"\" type=\"email\" name=\"your-email\" \/><\/span> <\/label>\n<\/p>\n<p><span class=\"wpcf7-form-control-wrap\" data-name=\"Einverstaendnis\"><span class=\"wpcf7-form-control wpcf7-acceptance\"><span class=\"wpcf7-list-item\"><label><input type=\"checkbox\" name=\"Einverstaendnis\" value=\"1\" aria-invalid=\"false\" \/><span class=\"wpcf7-list-item-label\">Einverst\u00e4ndniserkl\u00e4rung: Die eingegebenen Daten werden im Rahmen der Anmeldung zur Veranstaltung maschinell gespeichert und verarbeitet. Sie werden nicht an Dritte weitergegeben. Nach Abschluss der Veranstaltung werden die Daten sp\u00e4testens nach Ablauf von 12 Monaten vollst\u00e4ndig gel\u00f6scht. Es werden \u00fcber die zur Anmeldung notwendigen Daten hinaus keine statistischen Daten erfasst.<\/span><\/label><\/span><\/span><\/span><br \/>\n<input type=\"hidden\" name=\"wpadcf7sl_remaining\" value=\"3\">\n<input type=\"hidden\" name=\"wpadcf7sl_after_submission\" value=\"\">\n<input type=\"hidden\" name=\"wpadcf7sl_reload_delay\" value=\"\">\n<input type=\"hidden\" name=\"wpadcf7sl_redirect_page\" value=\"\">\n<span class=\"wpcf7-form-control-wrap formid:2935\">\n\t\t\t\t<\/span>\n<br \/>\n<div class=\"wpcf7-response-output\" aria-hidden=\"true\"><\/div>\n<\/p>\n<p><input class=\"wpcf7-form-control wpcf7-submit has-spinner\" type=\"submit\" value=\"Senden\" \/>\n<\/p>\n<\/form>\n<\/div>\n<\/div>\n\n\n\n<p><\/p>\n","protected":false},"excerpt":{"rendered":"<p>Anmeldung zur VeranstaltungKI begegnen \u2013 kritisch &amp; kreativ | Dialogveranstaltung in Osnabr\u00fcck im Coppenrath Innovation Centre (CIC) Donnerstag, 16. April 2026 \u00b7 16:15 Uhr \u00b7 Coppenrath Innovation Centre (CIC) \u00b7 Osnabr\u00fcck K\u00fcnstliche Intelligenz ver\u00e4ndert zunehmend unseren Alltag \u2013 und sie beeinflusst auch Kunst, Kultur und Bildung. Doch was bedeutet das konkret f\u00fcr kreative Praxis, kulturelle [&hellip;]<\/p>\n","protected":false},"author":2,"featured_media":0,"parent":0,"menu_order":0,"comment_status":"closed","ping_status":"closed","template":"","meta":{"footnotes":""},"class_list":["post-2938","page","type-page","status-publish","hentry"],"_links":{"self":[{"href":"https:\/\/www.km.uni-osnabrueck.de\/form\/wp-json\/wp\/v2\/pages\/2938","targetHints":{"allow":["GET"]}}],"collection":[{"href":"https:\/\/www.km.uni-osnabrueck.de\/form\/wp-json\/wp\/v2\/pages"}],"about":[{"href":"https:\/\/www.km.uni-osnabrueck.de\/form\/wp-json\/wp\/v2\/types\/page"}],"author":[{"embeddable":true,"href":"https:\/\/www.km.uni-osnabrueck.de\/form\/wp-json\/wp\/v2\/users\/2"}],"replies":[{"embeddable":true,"href":"https:\/\/www.km.uni-osnabrueck.de\/form\/wp-json\/wp\/v2\/comments?post=2938"}],"version-history":[{"count":15,"href":"https:\/\/www.km.uni-osnabrueck.de\/form\/wp-json\/wp\/v2\/pages\/2938\/revisions"}],"predecessor-version":[{"id":2992,"href":"https:\/\/www.km.uni-osnabrueck.de\/form\/wp-json\/wp\/v2\/pages\/2938\/revisions\/2992"}],"wp:attachment":[{"href":"https:\/\/www.km.uni-osnabrueck.de\/form\/wp-json\/wp\/v2\/media?parent=2938"}],"curies":[{"name":"wp","href":"https:\/\/api.w.org\/{rel}","templated":true}]}}

<!--<style>header {display:none;}</style>-->


<div class="wp-block-image">
<figure class="aligncenter size-large is-resized"><img loading="lazy" decoding="async" width="1024" height="432" src="https://www.km.uni-osnabrueck.de/form/wp-content/uploads/2026/03/egerlandStiftung_RGBjpg-Kopie-1024x432.jpg" alt="Logo Egerlandstiftung" class="wp-image-2959" style="aspect-ratio:2.370325606349099;width:472px;height:auto" srcset="https://www.km.uni-osnabrueck.de/form/wp-content/uploads/2026/03/egerlandStiftung_RGBjpg-Kopie-1024x432.jpg 1024w, https://www.km.uni-osnabrueck.de/form/wp-content/uploads/2026/03/egerlandStiftung_RGBjpg-Kopie-300x126.jpg 300w, https://www.km.uni-osnabrueck.de/form/wp-content/uploads/2026/03/egerlandStiftung_RGBjpg-Kopie-768x324.jpg 768w, https://www.km.uni-osnabrueck.de/form/wp-content/uploads/2026/03/egerlandStiftung_RGBjpg-Kopie-624x263.jpg 624w, https://www.km.uni-osnabrueck.de/form/wp-content/uploads/2026/03/egerlandStiftung_RGBjpg-Kopie.jpg 1509w" sizes="auto, (max-width: 1024px) 100vw, 1024px" /></figure>
</div>


<h2 class="wp-block-heading">Anmeldung zur Veranstaltung<br>KI begegnen – kritisch &amp; kreativ | Dialogveranstaltung in Osnabrück im Coppenrath Innovation Centre (CIC)</h2>



<h3 class="wp-block-heading">Donnerstag, 16. April 2026 · 16:15 Uhr · Coppenrath Innovation Centre (CIC) · Osnabrück</h3>



<p>Künstliche Intelligenz verändert zunehmend unseren Alltag – und sie beeinflusst auch Kunst, Kultur und Bildung. Doch was bedeutet das konkret für kreative Praxis, kulturelle Vermittlung und gesellschaftliche Verantwortung?</p>



<p>Die <strong>Felicitas und Werner Egerland Stiftung</strong> lädt gemeinsam mit Partner:innen der <strong>Universität Osnabrück</strong> zu einer dialogorientierten Veranstaltung ein:</p>



<p><strong>„KI begegnen – kritisch &amp; kreativ: Zwischen Code und Kultur“</strong></p>



<div class="wp-block-contact-form-7-contact-form-selector">
<div class="wpcf7 no-js" id="wpcf7-f2935-o1" lang="de-DE" dir="ltr" data-wpcf7-id="2935">
<div class="screen-reader-response"><p role="status" aria-live="polite" aria-atomic="true"></p> <ul></ul></div>
<form action="/form/wp-json/wp/v2/pages/2938#wpcf7-f2935-o1" method="post" class="wpcf7-form init wpcf7-acceptance-as-validation" aria-label="Kontaktformular" novalidate="novalidate" data-status="init">
<fieldset class="hidden-fields-container"><input type="hidden" name="_wpcf7" value="2935" /><input type="hidden" name="_wpcf7_version" value="6.1.5" /><input type="hidden" name="_wpcf7_locale" value="de_DE" /><input type="hidden" name="_wpcf7_unit_tag" value="wpcf7-f2935-o1" /><input type="hidden" name="_wpcf7_container_post" value="0" /><input type="hidden" name="_wpcf7_posted_data_hash" value="" /><input type="hidden" name="_wpcf7cf_hidden_group_fields" value="[]" /><input type="hidden" name="_wpcf7cf_hidden_groups" value="[]" /><input type="hidden" name="_wpcf7cf_visible_groups" value="[]" /><input type="hidden" name="_wpcf7cf_repeaters" value="[]" /><input type="hidden" name="_wpcf7cf_steps" value="{}" /><input type="hidden" name="_wpcf7cf_options" value="{&quot;form_id&quot;:2935,&quot;conditions&quot;:[],&quot;settings&quot;:{&quot;animation&quot;:&quot;yes&quot;,&quot;animation_intime&quot;:200,&quot;animation_outtime&quot;:200,&quot;conditions_ui&quot;:&quot;normal&quot;,&quot;notice_dismissed&quot;:false}}" />
</fieldset>
<p>Die Teilnahme ist kostenlos
</p>
<p><strong>Ich nehme an der Veranstaltung „KI begegnen – kritisch & kreativ: Zwischen Code und Kultur“ teil <abbr title="Pflichtfeld">(*)</abbr></strong><br />
<span class="wpcf7-form-control-wrap" data-name="Teilnahme"><span class="wpcf7-form-control wpcf7-checkbox wpcf7-validates-as-required wpcf7-exclusive-checkbox"><span class="wpcf7-list-item first last"><label><input type="checkbox" name="Teilnahme" value="Ja" /><span class="wpcf7-list-item-label">Ja</span></label></span></span></span>
</p>
<hr />
<p><strong>Sie haben die Möglichkeit einen von zwei angebotenen Workshops auszuwählen</strong>
</p>
<p><strong><span class="wpcf7-form-control-wrap" data-name="Workshop"><span class="wpcf7-form-control wpcf7-checkbox wpcf7-exclusive-checkbox"><span class="wpcf7-list-item first last"><label><input type="checkbox" name="Workshop" value="Workshop 1: KI-Agents für Kulturschaffende / KI &amp; Recht in der Kultur" /><span class="wpcf7-list-item-label">Workshop 1: KI-Agents für Kulturschaffende / KI &amp; Recht in der Kultur</span></label></span></span></span></strong>
</p>
<ul>
	<li>
		<p>erste, niedrigschwellige Schritte in Richtung KI-Agents
		</p>
	</li>
	<li>
		<p>gemeinsame Erarbeitung einfacher Leitfäden zum KI-Einsatz (z. B. „Was darf ich mit KI tun, was nicht?“)
		</p>
	</li>
	<li>
		<p>das Aufzeigen, wie sich mit Tools wie Lovable schnell und unkompliziert erste kleine Projekte realisieren lassen
		</p>
	</li>
</ul>
<p><strong><span class="wpcf7-form-control-wrap" data-name="Workshop"><span class="wpcf7-form-control wpcf7-checkbox wpcf7-exclusive-checkbox"><span class="wpcf7-list-item first last"><label><input type="checkbox" name="Workshop" value="Workshop 2: KI Circle Training" /><span class="wpcf7-list-item-label">Workshop 2: KI Circle Training</span></label></span></span></span></strong>
</p>
<ul>
	<li>
		<p>Vier Workshopübungen, die im Rahmen von 15-minütigen Workshopeinheiten von den Teilnehmenden selbst ausgeführt werden können
		</p>
	</li>
	<li>
		<p>Vier Tutorials für KI-Anwendungen (z.B. HeyGen, Gemini bzw. Image AI, ChatGPT, MeshyAI)
		</p>
	</li>
</ul>
<hr />
<p><label> <strong>Vorname <abbr title="Pflichtfeld">(*)</abbr></strong><br />
<span class="wpcf7-form-control-wrap" data-name="Vorname"><input size="40" maxlength="400" class="wpcf7-form-control wpcf7-text wpcf7-validates-as-required" aria-required="true" aria-invalid="false" value="" type="text" name="Vorname" /></span> </label>
</p>
<p><label> <strong>Nachname <abbr title="Pflichtfeld">(*)</abbr></strong><br />
<span class="wpcf7-form-control-wrap" data-name="Nachname"><input size="40" maxlength="400" class="wpcf7-form-control wpcf7-text wpcf7-validates-as-required" aria-required="true" aria-invalid="false" value="" type="text" name="Nachname" /></span> </label>
</p>
<p><label> <strong>Titel</strong><br />
<span class="wpcf7-form-control-wrap" data-name="titel"><input size="40" maxlength="400" class="wpcf7-form-control wpcf7-text" aria-invalid="false" value="" type="text" name="titel" /></span> </label>
</p>
<p><label> <strong>Institution</strong><br />
<span class="wpcf7-form-control-wrap" data-name="institution"><input size="40" maxlength="400" class="wpcf7-form-control wpcf7-text" aria-invalid="false" value="" type="text" name="institution" /></span> </label>
</p>
<p><label> <strong>Funktion</strong><br />
<span class="wpcf7-form-control-wrap" data-name="funktion"><input size="40" maxlength="400" class="wpcf7-form-control wpcf7-text" aria-invalid="false" value="" type="text" name="funktion" /></span> </label>
</p>
<p><label> <strong>E-Mail-Adresse <abbr title="Pflichtfeld">(*)</abbr></strong><br />
<span class="wpcf7-form-control-wrap" data-name="your-email"><input size="40" maxlength="400" class="wpcf7-form-control wpcf7-email wpcf7-validates-as-required wpcf7-text wpcf7-validates-as-email" aria-required="true" aria-invalid="false" value="" type="email" name="your-email" /></span> </label>
</p>
<p><span class="wpcf7-form-control-wrap" data-name="Einverstaendnis"><span class="wpcf7-form-control wpcf7-acceptance"><span class="wpcf7-list-item"><label><input type="checkbox" name="Einverstaendnis" value="1" aria-invalid="false" /><span class="wpcf7-list-item-label">Einverständniserklärung: Die eingegebenen Daten werden im Rahmen der Anmeldung zur Veranstaltung maschinell gespeichert und verarbeitet. Sie werden nicht an Dritte weitergegeben. Nach Abschluss der Veranstaltung werden die Daten spätestens nach Ablauf von 12 Monaten vollständig gelöscht. Es werden über die zur Anmeldung notwendigen Daten hinaus keine statistischen Daten erfasst.</span></label></span></span></span><br />
<input type="hidden" name="wpadcf7sl_remaining" value="3">
<input type="hidden" name="wpadcf7sl_after_submission" value="">
<input type="hidden" name="wpadcf7sl_reload_delay" value="">
<input type="hidden" name="wpadcf7sl_redirect_page" value="">
<span class="wpcf7-form-control-wrap formid:2935">
				</span>
<br />
<div class="wpcf7-response-output" aria-hidden="true"></div>
</p>
<p><input class="wpcf7-form-control wpcf7-submit has-spinner" type="submit" value="Senden" />
</p>
</form>
</div>
</div>



<p></p>

<p>Anmeldung zur VeranstaltungKI begegnen – kritisch &amp; kreativ | Dialogveranstaltung in Osnabrück im Coppenrath Innovation Centre (CIC) Donnerstag, 16. April 2026 · 16:15 Uhr · Coppenrath Innovation Centre (CIC) · Osnabrück Künstliche Intelligenz verändert zunehmend unseren Alltag – und sie beeinflusst auch Kunst, Kultur und Bildung. Doch was bedeutet das konkret für kreative Praxis, kulturelle [&hellip;]</p>
