{"id":2819,"date":"2025-10-06T09:59:50","date_gmt":"2025-10-06T07:59:50","guid":{"rendered":"https:\/\/www.km.uni-osnabrueck.de\/form\/?page_id=2819"},"modified":"2025-10-07T18:43:05","modified_gmt":"2025-10-07T16:43:05","slug":"anmeldung-zum-tag-der-lehre","status":"publish","type":"page","link":"https:\/\/www.km.uni-osnabrueck.de\/form\/anmeldung-zum-tag-der-lehre\/","title":{"rendered":"Anmeldung zum Tag der Lehre"},"content":{"rendered":"\n<h2 class=\"wp-block-heading\">Anmeldung zum Tag der Lehre<\/h2>\n\n\n\n<p>am 03. Dezember von 14.00 bis 18.00 Uhr im Musiksaal des Schlosses<\/p>\n\n\n\n<div class=\"wp-block-contact-form-7-contact-form-selector\">\n<div class=\"wpcf7 no-js\" id=\"wpcf7-f2828-o1\" lang=\"de-DE\" dir=\"ltr\" data-wpcf7-id=\"2828\">\n<div class=\"screen-reader-response\"><p role=\"status\" aria-live=\"polite\" aria-atomic=\"true\"><\/p> <ul><\/ul><\/div>\n<form action=\"\/form\/wp-json\/wp\/v2\/pages\/2819#wpcf7-f2828-o1\" method=\"post\" class=\"wpcf7-form init wpcf7-acceptance-as-validation\" aria-label=\"Kontaktformular\" novalidate=\"novalidate\" data-status=\"init\">\n<fieldset class=\"hidden-fields-container\"><input type=\"hidden\" name=\"_wpcf7\" value=\"2828\" \/><input type=\"hidden\" name=\"_wpcf7_version\" value=\"6.1.5\" \/><input type=\"hidden\" name=\"_wpcf7_locale\" value=\"de_DE\" \/><input type=\"hidden\" name=\"_wpcf7_unit_tag\" value=\"wpcf7-f2828-o1\" \/><input type=\"hidden\" name=\"_wpcf7_container_post\" value=\"0\" \/><input type=\"hidden\" name=\"_wpcf7_posted_data_hash\" value=\"\" \/><input type=\"hidden\" name=\"_wpcf7cf_hidden_group_fields\" value=\"[]\" \/><input type=\"hidden\" name=\"_wpcf7cf_hidden_groups\" value=\"[]\" \/><input type=\"hidden\" name=\"_wpcf7cf_visible_groups\" value=\"[]\" \/><input type=\"hidden\" name=\"_wpcf7cf_repeaters\" value=\"[]\" \/><input type=\"hidden\" name=\"_wpcf7cf_steps\" value=\"{}\" \/><input type=\"hidden\" name=\"_wpcf7cf_options\" value=\"{&quot;form_id&quot;:2828,&quot;conditions&quot;:[],&quot;settings&quot;:{&quot;animation&quot;:&quot;yes&quot;,&quot;animation_intime&quot;:200,&quot;animation_outtime&quot;:200,&quot;conditions_ui&quot;:&quot;normal&quot;,&quot;notice_dismissed&quot;:false}}\" \/>\n<\/fieldset>\n<p><label> <strong>Vorname <abbr title=\"Pflichtfeld\">(*)<\/abbr><\/strong><br \/>\n<span class=\"wpcf7-form-control-wrap\" data-name=\"Vorname\"><input size=\"40\" maxlength=\"400\" class=\"wpcf7-form-control wpcf7-text wpcf7-validates-as-required\" aria-required=\"true\" aria-invalid=\"false\" value=\"\" type=\"text\" name=\"Vorname\" \/><\/span> <\/label>\n<\/p>\n<p><label> <strong>Nachname <abbr title=\"Pflichtfeld\">(*)<\/abbr><\/strong><br \/>\n<span class=\"wpcf7-form-control-wrap\" data-name=\"Nachname\"><input size=\"40\" maxlength=\"400\" class=\"wpcf7-form-control wpcf7-text wpcf7-validates-as-required\" aria-required=\"true\" aria-invalid=\"false\" value=\"\" type=\"text\" name=\"Nachname\" \/><\/span> <\/label>\n<\/p>\n<p><label> <strong>Titel <\/strong><br \/>\n<span class=\"wpcf7-form-control-wrap\" data-name=\"Titel\"><input size=\"40\" maxlength=\"400\" class=\"wpcf7-form-control wpcf7-text\" aria-invalid=\"false\" value=\"\" type=\"text\" name=\"Titel\" \/><\/span> <\/label>\n<\/p>\n<p><label> <strong>Institution\/Fachbereich<\/strong><br \/>\n<span class=\"wpcf7-form-control-wrap\" data-name=\"Institution\"><input size=\"40\" maxlength=\"400\" class=\"wpcf7-form-control wpcf7-text\" aria-invalid=\"false\" value=\"\" type=\"text\" name=\"Institution\" \/><\/span> <\/label>\n<\/p>\n<p><label> <strong> Funktion<\/strong><br \/>\n<span class=\"wpcf7-form-control-wrap\" data-name=\"Funktion\"><input size=\"40\" maxlength=\"400\" class=\"wpcf7-form-control wpcf7-text\" aria-invalid=\"false\" value=\"\" type=\"text\" name=\"Funktion\" \/><\/span> <\/label>\n<\/p>\n<p><label> <strong>E-Mail-Adresse <abbr title=\"Pflichtfeld\">(*)<\/abbr><\/strong><br \/>\n<span class=\"wpcf7-form-control-wrap\" data-name=\"your-email\"><input size=\"40\" maxlength=\"400\" class=\"wpcf7-form-control wpcf7-email wpcf7-validates-as-required wpcf7-text wpcf7-validates-as-email\" aria-required=\"true\" aria-invalid=\"false\" value=\"\" type=\"email\" name=\"your-email\" \/><\/span> <\/label>\n<\/p>\n<p><label><strong>Anmerkungen \/ Hinweise \/ Bedarfe<\/strong><br \/>\n<span class=\"wpcf7-form-control-wrap\" data-name=\"Bedarf\"><textarea cols=\"40\" rows=\"10\" maxlength=\"2000\" class=\"wpcf7-form-control wpcf7-textarea\" aria-invalid=\"false\" name=\"Bedarf\"><\/textarea><\/span><\/label>\n<\/p>\n<p><label><strong>Ich nehme am Tag der Lehre am 03.12.2025 von 14:00 \u2013 18:00 Uhr teil.<abbr title=\"Pflichtfeld\">(*)<\/abbr><\/strong><br \/>\n<span class=\"wpcf7-form-control-wrap\" data-name=\"Teilnahme\"><span class=\"wpcf7-form-control wpcf7-checkbox wpcf7-validates-as-required wpcf7-exclusive-checkbox\"><span class=\"wpcf7-list-item first last\"><label><input type=\"checkbox\" name=\"Teilnahme\" value=\"ja\" \/><span class=\"wpcf7-list-item-label\">ja<\/span><\/label><\/span><\/span><\/span><\/label>\n<\/p>\n<h3>Einverst\u00e4ndniserkl\u00e4rung:\n<\/h3>\n<p><span class=\"wpcf7-form-control-wrap\" data-name=\"Einverstaendnis\"><span class=\"wpcf7-form-control wpcf7-acceptance\"><span class=\"wpcf7-list-item\"><label><input type=\"checkbox\" name=\"Einverstaendnis\" value=\"1\" aria-invalid=\"false\" \/><span class=\"wpcf7-list-item-label\">Ich nehme zur Kenntnis, dass die \u00fcber das Anmeldeformular eingegebenen Daten im Rahmen der Anmeldung zur Veranstaltung maschinell gespeichert und verarbeitet werden. Sie werden nicht an Dritte weitergegeben. Nach Abschluss der Veranstaltung werden die erfassten Daten sp\u00e4testens nach Ablauf von 12 Monaten vollst\u00e4ndig gel\u00f6scht. Es werden \u00fcber die zur Anmeldung notwendigen Daten hinaus keine statistischen Daten erfasst. Die <a href=\"https:\/\/www.uni-osnabrueck.de\/serviceseiten\/datenschutz.html\" target=\"_blank\" >Datenschutzerkl\u00e4rung<\/a> der Universit\u00e4t Osnabr\u00fcck habe ich zur Kenntnis genommen.<\/span><\/label><\/span><\/span><\/span>\n<\/p>\n<p>Bitte f\u00fcllen Sie das Online-Formular mit Ihrer Anmeldung aus und senden uns dieses bis zum 21.11.2025\n<\/p>\n<div class=\"wpcf7-response-output\" aria-hidden=\"true\"><\/div>\n<p><input class=\"wpcf7-form-control wpcf7-submit has-spinner\" type=\"submit\" value=\"Senden\" \/>\n<\/p>\n<\/form>\n<\/div>\n<\/div>\n\n\n\n<p><\/p>\n","protected":false},"excerpt":{"rendered":"<p>Anmeldung zum Tag der Lehre am 03. Dezember von 14.00 bis 18.00 Uhr im Musiksaal des Schlosses<\/p>\n","protected":false},"author":2,"featured_media":0,"parent":0,"menu_order":0,"comment_status":"closed","ping_status":"closed","template":"","meta":{"footnotes":""},"class_list":["post-2819","page","type-page","status-publish","hentry"],"_links":{"self":[{"href":"https:\/\/www.km.uni-osnabrueck.de\/form\/wp-json\/wp\/v2\/pages\/2819","targetHints":{"allow":["GET"]}}],"collection":[{"href":"https:\/\/www.km.uni-osnabrueck.de\/form\/wp-json\/wp\/v2\/pages"}],"about":[{"href":"https:\/\/www.km.uni-osnabrueck.de\/form\/wp-json\/wp\/v2\/types\/page"}],"author":[{"embeddable":true,"href":"https:\/\/www.km.uni-osnabrueck.de\/form\/wp-json\/wp\/v2\/users\/2"}],"replies":[{"embeddable":true,"href":"https:\/\/www.km.uni-osnabrueck.de\/form\/wp-json\/wp\/v2\/comments?post=2819"}],"version-history":[{"count":6,"href":"https:\/\/www.km.uni-osnabrueck.de\/form\/wp-json\/wp\/v2\/pages\/2819\/revisions"}],"predecessor-version":[{"id":2835,"href":"https:\/\/www.km.uni-osnabrueck.de\/form\/wp-json\/wp\/v2\/pages\/2819\/revisions\/2835"}],"wp:attachment":[{"href":"https:\/\/www.km.uni-osnabrueck.de\/form\/wp-json\/wp\/v2\/media?parent=2819"}],"curies":[{"name":"wp","href":"https:\/\/api.w.org\/{rel}","templated":true}]}}